{"id":324,"date":"2022-07-15T16:18:02","date_gmt":"2022-07-15T14:18:02","guid":{"rendered":"https:\/\/attducey-avranches.fr\/?page_id=324"},"modified":"2025-10-28T16:26:02","modified_gmt":"2025-10-28T15:26:02","slug":"coupes","status":"publish","type":"page","link":"https:\/\/attducey-avranches.fr\/index.php\/competitions\/coupes\/","title":{"rendered":"Coupe de la Manche 2024-2025"},"content":{"rendered":"\n<p>3 \u00e9quipes du club \u00e9taient engag\u00e9es cette saison en Coupe de la Manche<\/p>\n\n\n\n<p>L&rsquo;\u00e9quipe 1 \u00e9tait compos\u00e9e de J\u00e9r\u00e9my GLORIA et Joris ANNE. Apr\u00e8s un parcours quasi sans-faute, les 2 joueurs se sont inclin\u00e9es en demi-finales contre JS Carantilly (2-3) ; ils repartent donc avec une belle m\u00e9daille de bronze pour la 2\u00e8me ann\u00e9e cons\u00e9cutive (la 3\u00e8me m\u00eame pour J\u00e9r\u00e9my)<\/p>\n\n\n\n<p>L&rsquo;\u00e9quipe 2 \u00e9tait compos\u00e9e de Jimmy LEMETAYER et Emmanuel LETOURNEUR. Ils se sont inclin\u00e9es en 1\/16\u00e8me de finale contre Le Teilleul (1-4)<\/p>\n\n\n\n<p>L&rsquo;\u00e9quipe 3 \u00e9tai compos\u00e9e de Florent SAGEAN et Tom PUJEOLLE. Apr\u00e8s un parcours dans les 3 coupes d\u00e9partementales, les 2 joueurs s&rsquo;inclinent en demi-finales de la Coupe du Comit\u00e9 contre Agneaux. Ils repartent \u00e9galement avec une m\u00e9daille de bronze.<\/p>\n\n\n\n<div data-wp-interactive=\"core\/file\" class=\"wp-block-file\"><object data-wp-bind--hidden=\"!state.hasPdfPreview\" hidden class=\"wp-block-file__embed\" data=\"https:\/\/attducey-avranches.fr\/wp-content\/uploads\/2025\/01\/Poule-16.pdf\" type=\"application\/pdf\" style=\"width:100%;height:600px\" aria-label=\"Contenu embarqu\u00e9 Poule 16.\"><\/object><a id=\"wp-block-file--media-28ecfc81-2d45-4c71-b7aa-9b43324b8612\" href=\"https:\/\/attducey-avranches.fr\/wp-content\/uploads\/2025\/01\/Poule-16.pdf\">Poule 16<\/a><a href=\"https:\/\/attducey-avranches.fr\/wp-content\/uploads\/2025\/01\/Poule-16.pdf\" class=\"wp-block-file__button wp-element-button\" download aria-describedby=\"wp-block-file--media-28ecfc81-2d45-4c71-b7aa-9b43324b8612\">T\u00e9l\u00e9charger<\/a><\/div>\n\n\n\n<div class=\"wp-block-group is-nowrap is-layout-flex wp-container-core-group-is-layout-6c531013 wp-block-group-is-layout-flex\">\n<div data-wp-interactive=\"core\/file\" class=\"wp-block-file\"><object data-wp-bind--hidden=\"!state.hasPdfPreview\" hidden class=\"wp-block-file__embed\" data=\"https:\/\/attducey-avranches.fr\/wp-content\/uploads\/2025\/01\/Poule-14.pdf\" type=\"application\/pdf\" style=\"width:100%;height:600px\" aria-label=\"Contenu embarqu\u00e9 Poule 14.\"><\/object><a id=\"wp-block-file--media-6e0df7fb-6eb3-4662-82ab-1446940c1e13\" href=\"https:\/\/attducey-avranches.fr\/wp-content\/uploads\/2025\/01\/Poule-14.pdf\">Poule 14<\/a><a href=\"https:\/\/attducey-avranches.fr\/wp-content\/uploads\/2025\/01\/Poule-14.pdf\" class=\"wp-block-file__button wp-element-button\" download aria-describedby=\"wp-block-file--media-6e0df7fb-6eb3-4662-82ab-1446940c1e13\">T\u00e9l\u00e9charger<\/a><\/div>\n\n\n\n<div data-wp-interactive=\"core\/file\" class=\"wp-block-file\"><object data-wp-bind--hidden=\"!state.hasPdfPreview\" hidden class=\"wp-block-file__embed\" data=\"https:\/\/attducey-avranches.fr\/wp-content\/uploads\/2025\/01\/Poule-15.pdf\" type=\"application\/pdf\" style=\"width:100%;height:600px\" aria-label=\"Contenu embarqu\u00e9 Poule 15.\"><\/object><a id=\"wp-block-file--media-122dd3f2-17e3-4a69-81ba-daf46096fadb\" href=\"https:\/\/attducey-avranches.fr\/wp-content\/uploads\/2025\/01\/Poule-15.pdf\">Poule 15<\/a><a href=\"https:\/\/attducey-avranches.fr\/wp-content\/uploads\/2025\/01\/Poule-15.pdf\" class=\"wp-block-file__button wp-element-button\" download aria-describedby=\"wp-block-file--media-122dd3f2-17e3-4a69-81ba-daf46096fadb\">T\u00e9l\u00e9charger<\/a><\/div>\n<\/div>\n\n\n\n<p><\/p>\n","protected":false},"excerpt":{"rendered":"<p>3 \u00e9quipes du club \u00e9taient engag\u00e9es cette saison en Coupe de la Manche L&rsquo;\u00e9quipe 1 \u00e9tait compos\u00e9e de J\u00e9r\u00e9my GLORIA et Joris ANNE. Apr\u00e8s un parcours quasi sans-faute, les 2 joueurs se sont inclin\u00e9es en demi-finales contre JS Carantilly (2-3) ; ils repartent donc avec une belle m\u00e9daille de bronze pour la 2\u00e8me ann\u00e9e cons\u00e9cutive [&hellip;]<\/p>\n","protected":false},"author":2,"featured_media":0,"parent":239,"menu_order":0,"comment_status":"closed","ping_status":"closed","template":"","meta":{"footnotes":""},"class_list":["post-324","page","type-page","status-publish","hentry"],"jetpack-related-posts":[{"id":274,"url":"https:\/\/attducey-avranches.fr\/index.php\/competitions\/resultats-criterium-federal-et-circuit-jeunes\/","url_meta":{"origin":324,"position":0},"title":"Comp\u00e9titions individuelles","author":"J\u00e9r\u00e9my Gloria","date":"15 juillet 2022","format":false,"excerpt":"Crit\u00e9rium F\u00e9d\u00e9ral Le week-end dernier se disputait le 4e et dernier tour du Crit\u00e9rium F\u00e9d\u00e9ral. En r\u00e9gional Minimes \u00e0 St Pierre les Elbeuf, Aristide ROC termine \u00e0 la 7\u00e8me place juste devant son co\u00e9quipier Rapha\u00ebl RUEN, 8\u00e8me. On retrouvera nos 2 minimes la saison prochaine \u00e0 ce niveau ! En\u2026","rel":"","context":"Article similaire","block_context":{"text":"Article similaire","link":""},"img":{"alt_text":"","src":"https:\/\/i0.wp.com\/attducey-avranches.fr\/wp-content\/uploads\/2025\/11\/589412539_4146203838979670_8783073855463419709_n.jpg?resize=350%2C200&ssl=1","width":350,"height":200,"srcset":"https:\/\/i0.wp.com\/attducey-avranches.fr\/wp-content\/uploads\/2025\/11\/589412539_4146203838979670_8783073855463419709_n.jpg?resize=350%2C200&ssl=1 1x, https:\/\/i0.wp.com\/attducey-avranches.fr\/wp-content\/uploads\/2025\/11\/589412539_4146203838979670_8783073855463419709_n.jpg?resize=525%2C300&ssl=1 1.5x, https:\/\/i0.wp.com\/attducey-avranches.fr\/wp-content\/uploads\/2025\/11\/589412539_4146203838979670_8783073855463419709_n.jpg?resize=700%2C400&ssl=1 2x, https:\/\/i0.wp.com\/attducey-avranches.fr\/wp-content\/uploads\/2025\/11\/589412539_4146203838979670_8783073855463419709_n.jpg?resize=1050%2C600&ssl=1 3x, https:\/\/i0.wp.com\/attducey-avranches.fr\/wp-content\/uploads\/2025\/11\/589412539_4146203838979670_8783073855463419709_n.jpg?resize=1400%2C800&ssl=1 4x"},"classes":[]},{"id":241,"url":"https:\/\/attducey-avranches.fr\/index.php\/competitions\/championnat-par-equipes\/","url_meta":{"origin":324,"position":1},"title":"Championnat par \u00e9quipes","author":"J\u00e9r\u00e9my Gloria","date":"15 juillet 2022","format":false,"excerpt":"Retrouvez chaque semaine les diff\u00e9rents r\u00e9sultats de nos \u00e9quipes r\u00e9gionales, d\u00e9partementales et jeunes YY R\u00e9sultats et classements YY R2 (1) R3 (2) D1 (3) D1 (4) D2 (5) D2 (6) D2 (7) D2 (8) D3 (9) D3 (10) D3 (11) D4 (12) YY Compositions des \u00e9quipes YY equip 2025-2026 P2T\u00e9l\u00e9charger\u2026","rel":"","context":"Article similaire","block_context":{"text":"Article similaire","link":""},"img":{"alt_text":"","src":"https:\/\/i0.wp.com\/attducey-avranches.fr\/wp-content\/uploads\/2025\/10\/d1.jpeg?resize=350%2C200&ssl=1","width":350,"height":200,"srcset":"https:\/\/i0.wp.com\/attducey-avranches.fr\/wp-content\/uploads\/2025\/10\/d1.jpeg?resize=350%2C200&ssl=1 1x, https:\/\/i0.wp.com\/attducey-avranches.fr\/wp-content\/uploads\/2025\/10\/d1.jpeg?resize=525%2C300&ssl=1 1.5x, https:\/\/i0.wp.com\/attducey-avranches.fr\/wp-content\/uploads\/2025\/10\/d1.jpeg?resize=700%2C400&ssl=1 2x, https:\/\/i0.wp.com\/attducey-avranches.fr\/wp-content\/uploads\/2025\/10\/d1.jpeg?resize=1050%2C600&ssl=1 3x, https:\/\/i0.wp.com\/attducey-avranches.fr\/wp-content\/uploads\/2025\/10\/d1.jpeg?resize=1400%2C800&ssl=1 4x"},"classes":[]},{"id":1357,"url":"https:\/\/attducey-avranches.fr\/index.php\/coupe-att-2025-2026\/","url_meta":{"origin":324,"position":2},"title":"Coupe ATT 2025-2026","author":"J\u00e9r\u00e9my Gloria","date":"25 novembre 2025","format":false,"excerpt":"La Coupe ATT est une nouvelle comp\u00e9tition interne organis\u00e9e par l\u2019ATT Ducey Avranches. Elle a pour but de rassembler les joueurs du club autour d\u2019un esprit de convivialit\u00e9, de partage et de sportivit\u00e9, tout en proposant des rencontres \u00e9quilibr\u00e9es et disput\u00e9es. -> R\u00e8glement -> Poules et r\u00e9sultats -> Tableau final","rel":"","context":"Article similaire","block_context":{"text":"Article similaire","link":""},"img":{"alt_text":"","src":"","width":0,"height":0},"classes":[]},{"id":356,"url":"https:\/\/attducey-avranches.fr\/index.php\/infos-pratiques\/356-2\/","url_meta":{"origin":324,"position":3},"title":"Merci \u00e0 nos soutiens !","author":"J\u00e9r\u00e9my Gloria","date":"18 juillet 2022","format":false,"excerpt":"MERCI A NOS SOUTIENS ! YY Les partenaires priv\u00e9s Partenaire mat\u00e9riel TT YY Partenaires boissons YY Partenaires consommables lors des manifestations YY Partenaire maillots (championnat par \u00e9quipes adultes et jeunes en comp\u00e9titions) YY Partenaire maillots (championnat par \u00e9quipes adultes) YY Partenaire sonorisation lors des manifestations YY Partenaire maillot jeunes et\u2026","rel":"","context":"Article similaire","block_context":{"text":"Article similaire","link":""},"img":{"alt_text":"","src":"https:\/\/i0.wp.com\/attducey-avranches.fr\/wp-content\/uploads\/2022\/07\/logo-fftt-150x150.png?resize=350%2C200&ssl=1","width":350,"height":200},"classes":[]},{"id":223,"url":"https:\/\/attducey-avranches.fr\/index.php\/le-club\/historique\/","url_meta":{"origin":324,"position":4},"title":"Historique","author":"J\u00e9r\u00e9my Gloria","date":"13 juillet 2022","format":false,"excerpt":"Pr\u00e9sentation\u00a0: Le club de Tennis de Table Ducey\/Avranches a \u00e9t\u00e9 cr\u00e9\u00e9 en Mai 2018 suite \u00e0 la fusion des clubs de l\u2019ATT Ducey et de l\u2019Entente St Senier\/Avranches. Il comprend aujourd\u2019hui environ 170 licenci\u00e9s, soit le 2e total le plus \u00e9lev\u00e9 parmi les 51 clubs de la Manche. 17 personnes\u2026","rel":"","context":"Article similaire","block_context":{"text":"Article similaire","link":""},"img":{"alt_text":"","src":"https:\/\/i0.wp.com\/attducey-avranches.fr\/wp-content\/uploads\/2023\/12\/D3S.jpg?resize=350%2C200&ssl=1","width":350,"height":200,"srcset":"https:\/\/i0.wp.com\/attducey-avranches.fr\/wp-content\/uploads\/2023\/12\/D3S.jpg?resize=350%2C200&ssl=1 1x, https:\/\/i0.wp.com\/attducey-avranches.fr\/wp-content\/uploads\/2023\/12\/D3S.jpg?resize=525%2C300&ssl=1 1.5x, https:\/\/i0.wp.com\/attducey-avranches.fr\/wp-content\/uploads\/2023\/12\/D3S.jpg?resize=700%2C400&ssl=1 2x, https:\/\/i0.wp.com\/attducey-avranches.fr\/wp-content\/uploads\/2023\/12\/D3S.jpg?resize=1050%2C600&ssl=1 3x, https:\/\/i0.wp.com\/attducey-avranches.fr\/wp-content\/uploads\/2023\/12\/D3S.jpg?resize=1400%2C800&ssl=1 4x"},"classes":[]},{"id":239,"url":"https:\/\/attducey-avranches.fr\/index.php\/competitions\/","url_meta":{"origin":324,"position":5},"title":"COMPETITIONS","author":"J\u00e9r\u00e9my Gloria","date":"15 juillet 2022","format":false,"excerpt":"STATS INDIVIDUELLES CHAMPIONNAT PAR EQUIPES CHAMPIONNAT INDIVIDUEL YY YY COUPES","rel":"","context":"Article similaire","block_context":{"text":"Article similaire","link":""},"img":{"alt_text":"","src":"","width":0,"height":0},"classes":[]}],"jetpack_sharing_enabled":true,"_links":{"self":[{"href":"https:\/\/attducey-avranches.fr\/index.php\/wp-json\/wp\/v2\/pages\/324","targetHints":{"allow":["GET"]}}],"collection":[{"href":"https:\/\/attducey-avranches.fr\/index.php\/wp-json\/wp\/v2\/pages"}],"about":[{"href":"https:\/\/attducey-avranches.fr\/index.php\/wp-json\/wp\/v2\/types\/page"}],"author":[{"embeddable":true,"href":"https:\/\/attducey-avranches.fr\/index.php\/wp-json\/wp\/v2\/users\/2"}],"replies":[{"embeddable":true,"href":"https:\/\/attducey-avranches.fr\/index.php\/wp-json\/wp\/v2\/comments?post=324"}],"version-history":[{"count":10,"href":"https:\/\/attducey-avranches.fr\/index.php\/wp-json\/wp\/v2\/pages\/324\/revisions"}],"predecessor-version":[{"id":1323,"href":"https:\/\/attducey-avranches.fr\/index.php\/wp-json\/wp\/v2\/pages\/324\/revisions\/1323"}],"up":[{"embeddable":true,"href":"https:\/\/attducey-avranches.fr\/index.php\/wp-json\/wp\/v2\/pages\/239"}],"wp:attachment":[{"href":"https:\/\/attducey-avranches.fr\/index.php\/wp-json\/wp\/v2\/media?parent=324"}],"curies":[{"name":"wp","href":"https:\/\/api.w.org\/{rel}","templated":true}]}}