{"id":241,"date":"2022-07-15T10:57:43","date_gmt":"2022-07-15T08:57:43","guid":{"rendered":"https:\/\/attducey-avranches.fr\/?page_id=241"},"modified":"2026-02-11T15:19:39","modified_gmt":"2026-02-11T14:19:39","slug":"championnat-par-equipes","status":"publish","type":"page","link":"https:\/\/attducey-avranches.fr\/index.php\/competitions\/championnat-par-equipes\/","title":{"rendered":"Championnat par \u00e9quipes"},"content":{"rendered":"\n<p>Retrouvez chaque semaine les diff\u00e9rents r\u00e9sultats de nos \u00e9quipes r\u00e9gionales, d\u00e9partementales et jeunes<\/p>\n\n\n\n<p><\/p>\n\n\n\n<p class=\"has-background-color has-text-color\">  <mark style=\"background-color:rgba(0, 0, 0, 0)\" class=\"has-inline-color has-primary-color\">YY<\/mark><\/p>\n\n\n\n<h2 class=\"wp-block-heading has-vivid-cyan-blue-color has-text-color has-large-font-size\"><strong><mark style=\"background-color:rgba(0, 0, 0, 0)\" class=\"has-inline-color has-secondary-color\">R\u00e9sultats et classements<\/mark><\/strong><\/h2>\n\n\n\n<p><\/p>\n\n\n\n<p class=\"has-background-color has-text-color\"><mark style=\"background-color:rgba(0, 0, 0, 0)\" class=\"has-inline-color has-primary-color\">  YY<\/mark><\/p>\n\n\n\n<div class=\"wp-block-buttons is-content-justification-center is-layout-flex wp-container-core-buttons-is-layout-a89b3969 wp-block-buttons-is-layout-flex\">\n<div class=\"wp-block-button has-custom-width wp-block-button__width-25 is-style-outline is-style-outline--1\"><a class=\"wp-block-button__link has-primary-color has-vertical-secondary-to-tertiary-gradient-background has-text-color has-background has-link-color has-small-font-size has-custom-font-size wp-element-button\" href=\"https:\/\/attducey-avranches.fr\/wp-content\/uploads\/2026\/02\/R2.pdf\" style=\"border-radius:50px\" target=\"_blank\" rel=\"noreferrer noopener\"><mark style=\"background-color:rgba(0, 0, 0, 0)\" class=\"has-inline-color has-primary-color\">R<\/mark>2<mark style=\"background-color:rgba(0, 0, 0, 0)\" class=\"has-inline-color has-primary-color\"> (1)<\/mark><mark style=\"background-color:rgba(0, 0, 0, 0)\" class=\"has-inline-color has-primary-color\"><\/mark><\/a><\/div>\n\n\n\n<div class=\"wp-block-button has-custom-width wp-block-button__width-25 is-style-outline is-style-outline--2\"><a class=\"wp-block-button__link has-primary-color has-vertical-secondary-to-tertiary-gradient-background has-text-color has-background has-link-color has-small-font-size has-custom-font-size wp-element-button\" href=\"https:\/\/attducey-avranches.fr\/wp-content\/uploads\/2026\/02\/R3.pdf\" style=\"border-radius:50px\" target=\"_blank\" rel=\"noreferrer noopener\">R3 <mark style=\"background-color:rgba(0, 0, 0, 0)\" class=\"has-inline-color has-primary-color\">(2)<\/mark><\/a><\/div>\n\n\n\n<div class=\"wp-block-button has-custom-width wp-block-button__width-25 is-style-outline is-style-outline--3\"><a class=\"wp-block-button__link has-primary-color has-vertical-secondary-to-tertiary-gradient-background has-text-color has-background has-link-color has-small-font-size has-custom-font-size wp-element-button\" href=\"https:\/\/attducey-avranches.fr\/wp-content\/uploads\/2026\/02\/D1-3.pdf\" style=\"border-radius:50px\" target=\"_blank\" rel=\"noreferrer noopener\">D1 (3)<\/a><\/div>\n<\/div>\n\n\n\n<div class=\"wp-block-buttons is-content-justification-center is-layout-flex wp-container-core-buttons-is-layout-a89b3969 wp-block-buttons-is-layout-flex\">\n<div class=\"wp-block-button has-custom-width wp-block-button__width-25 is-style-outline is-style-outline--4\"><a class=\"wp-block-button__link has-primary-color has-vertical-secondary-to-tertiary-gradient-background has-text-color has-background has-link-color has-small-font-size has-custom-font-size wp-element-button\" href=\"https:\/\/attducey-avranches.fr\/wp-content\/uploads\/2026\/02\/D1-4.pdf\" style=\"border-radius:50px\" target=\"_blank\" rel=\"noreferrer noopener\"><mark style=\"background-color:rgba(0, 0, 0, 0)\" class=\"has-inline-color has-primary-color\">D1 (<\/mark>4)<\/a><\/div>\n\n\n\n<div class=\"wp-block-button has-custom-width wp-block-button__width-25 is-style-outline is-style-outline--5\"><a class=\"wp-block-button__link has-primary-color has-vertical-secondary-to-tertiary-gradient-background has-text-color has-background has-link-color has-small-font-size has-custom-font-size wp-element-button\" href=\"https:\/\/attducey-avranches.fr\/wp-content\/uploads\/2026\/02\/D2-5-et-7.pdf\" style=\"border-radius:50px\" target=\"_blank\" rel=\"noreferrer noopener\"><mark style=\"background-color:rgba(0, 0, 0, 0)\" class=\"has-inline-color has-primary-color\">D<\/mark>2<mark style=\"background-color:rgba(0, 0, 0, 0)\" class=\"has-inline-color has-primary-color\"> (5)<\/mark><\/a><\/div>\n\n\n\n<div class=\"wp-block-button has-custom-width wp-block-button__width-25 is-style-outline is-style-outline--6\"><a class=\"wp-block-button__link has-primary-color has-vertical-secondary-to-tertiary-gradient-background has-text-color has-background has-link-color has-small-font-size has-custom-font-size wp-element-button\" href=\"https:\/\/attducey-avranches.fr\/wp-content\/uploads\/2026\/02\/D2-6.pdf\" style=\"border-radius:50px\" target=\"_blank\" rel=\"noreferrer noopener\"><mark style=\"background-color:rgba(0, 0, 0, 0)\" class=\"has-inline-color has-primary-color\">D<\/mark>2<mark style=\"background-color:rgba(0, 0, 0, 0)\" class=\"has-inline-color has-primary-color\"> (6)<\/mark><\/a><\/div>\n<\/div>\n\n\n\n<div class=\"wp-block-buttons is-content-justification-center is-layout-flex wp-container-core-buttons-is-layout-a89b3969 wp-block-buttons-is-layout-flex\">\n<div class=\"wp-block-button has-custom-width wp-block-button__width-25 is-style-outline is-style-outline--7\"><a class=\"wp-block-button__link has-primary-color has-vertical-secondary-to-tertiary-gradient-background has-text-color has-background has-link-color has-small-font-size has-custom-font-size wp-element-button\" href=\"https:\/\/attducey-avranches.fr\/wp-content\/uploads\/2026\/02\/D2-5-et-7.pdf\" style=\"border-radius:50px\" target=\"_blank\" rel=\"noreferrer noopener\"><mark style=\"background-color:rgba(0, 0, 0, 0)\" class=\"has-inline-color has-primary-color\">D2 (<\/mark>7<mark style=\"background-color:rgba(0, 0, 0, 0)\" class=\"has-inline-color has-primary-color\">)<\/mark><\/a><\/div>\n\n\n\n<div class=\"wp-block-button has-custom-width wp-block-button__width-25 is-style-outline is-style-outline--8\"><a class=\"wp-block-button__link has-primary-color has-vertical-secondary-to-tertiary-gradient-background has-text-color has-background has-link-color has-small-font-size has-custom-font-size wp-element-button\" href=\"https:\/\/attducey-avranches.fr\/wp-content\/uploads\/2026\/02\/D2-8.pdf\" style=\"border-radius:50px\" target=\"_blank\" rel=\"noreferrer noopener\"><mark style=\"background-color:rgba(0, 0, 0, 0)\" class=\"has-inline-color has-primary-color\">D2 (<\/mark>8<mark style=\"background-color:rgba(0, 0, 0, 0)\" class=\"has-inline-color has-primary-color\">)<\/mark><\/a><\/div>\n\n\n\n<div class=\"wp-block-button has-custom-width wp-block-button__width-25 is-style-outline is-style-outline--9\"><a class=\"wp-block-button__link has-primary-color has-vertical-secondary-to-tertiary-gradient-background has-text-color has-background has-link-color has-small-font-size has-custom-font-size wp-element-button\" href=\"https:\/\/attducey-avranches.fr\/wp-content\/uploads\/2026\/02\/D3-9.pdf\" style=\"border-radius:50px\" target=\"_blank\" rel=\"noreferrer noopener\"><mark style=\"background-color:rgba(0, 0, 0, 0)\" class=\"has-inline-color has-primary-color\">D3 (<\/mark>9<mark style=\"background-color:rgba(0, 0, 0, 0)\" class=\"has-inline-color has-primary-color\">)<\/mark><\/a><\/div>\n<\/div>\n\n\n\n<div class=\"wp-block-buttons is-content-justification-center is-layout-flex wp-container-core-buttons-is-layout-a89b3969 wp-block-buttons-is-layout-flex\">\n<div class=\"wp-block-button has-custom-width wp-block-button__width-25 is-style-outline is-style-outline--10\"><a class=\"wp-block-button__link has-primary-color has-vertical-secondary-to-tertiary-gradient-background has-text-color has-background has-link-color has-small-font-size has-custom-font-size wp-element-button\" href=\"https:\/\/attducey-avranches.fr\/wp-content\/uploads\/2026\/02\/D3-10.pdf\" style=\"border-radius:50px\" target=\"_blank\" rel=\"noreferrer noopener\"><mark style=\"background-color:rgba(0, 0, 0, 0)\" class=\"has-inline-color has-primary-color\">D3 (<\/mark>10<mark style=\"background-color:rgba(0, 0, 0, 0)\" class=\"has-inline-color has-primary-color\">)<\/mark><mark style=\"background-color:rgba(0, 0, 0, 0)\" class=\"has-inline-color has-primary-color\"><\/mark><mark style=\"background-color:rgba(0, 0, 0, 0)\" class=\"has-inline-color has-primary-color\"><\/mark><\/a><\/div>\n\n\n\n<div class=\"wp-block-button has-custom-width wp-block-button__width-25 is-style-outline is-style-outline--11\"><a class=\"wp-block-button__link has-primary-color has-vertical-secondary-to-tertiary-gradient-background has-text-color has-background has-link-color has-small-font-size has-custom-font-size wp-element-button\" href=\"https:\/\/attducey-avranches.fr\/wp-content\/uploads\/2026\/02\/D3-11.pdf\" style=\"border-radius:50px\" target=\"_blank\" rel=\"noreferrer noopener\">D3 (11)<\/a><\/div>\n\n\n\n<div class=\"wp-block-button has-custom-width wp-block-button__width-25 is-style-outline is-style-outline--12\"><a class=\"wp-block-button__link has-primary-color has-vertical-secondary-to-tertiary-gradient-background has-text-color has-background has-link-color has-small-font-size has-custom-font-size wp-element-button\" href=\"https:\/\/attducey-avranches.fr\/wp-content\/uploads\/2026\/02\/D4-12.pdf\" style=\"border-radius:50px\" target=\"_blank\" rel=\"noreferrer noopener\"><mark style=\"background-color:rgba(0, 0, 0, 0)\" class=\"has-inline-color has-primary-color\">D<\/mark>4 (12)<\/a><\/div>\n<\/div>\n\n\n\n<p class=\"has-background-color has-text-color\">   <mark style=\"background-color:rgba(0, 0, 0, 0)\" class=\"has-inline-color has-primary-color\">YY<\/mark><\/p>\n\n\n\n<p class=\"has-secondary-color has-text-color has-large-font-size\"><strong>  <mark style=\"background-color:rgba(0, 0, 0, 0)\" class=\"has-inline-color has-primary-color\"> <\/mark><\/strong>Compositions des \u00e9quipes<mark style=\"background-color:rgba(0, 0, 0, 0)\" class=\"has-inline-color has-secondary-color\"><\/mark><\/p>\n\n\n\n<p class=\"has-background-color has-text-color\"><mark style=\"background-color:rgba(0, 0, 0, 0)\" class=\"has-inline-color has-primary-color\">   YY<\/mark><\/p>\n\n\n\n<div data-wp-interactive=\"core\/file\" class=\"wp-block-file\"><object data-wp-bind--hidden=\"!state.hasPdfPreview\" hidden class=\"wp-block-file__embed\" data=\"https:\/\/attducey-avranches.fr\/wp-content\/uploads\/2026\/02\/equipe-2025-2026-P2.pdf\" type=\"application\/pdf\" style=\"width:100%;height:600px\" aria-label=\"Contenu embarqu\u00e9 equipe 2025-2026 P2.\"><\/object><a id=\"wp-block-file--media-d11e9ce3-9d65-40e5-8317-7b31bb66d7ab\" href=\"https:\/\/attducey-avranches.fr\/wp-content\/uploads\/2026\/02\/equipe-2025-2026-P2.pdf\">equipe 2025-2026 P2<\/a><a href=\"https:\/\/attducey-avranches.fr\/wp-content\/uploads\/2026\/02\/equipe-2025-2026-P2.pdf\" class=\"wp-block-file__button wp-element-button\" download aria-describedby=\"wp-block-file--media-d11e9ce3-9d65-40e5-8317-7b31bb66d7ab\">T\u00e9l\u00e9charger<\/a><\/div>\n\n\n\n<p class=\"has-primary-color has-text-color\">YY<\/p>\n\n\n\n<h2 class=\"wp-block-heading has-secondary-color has-text-color has-large-font-size\"><strong><mark style=\"background-color:rgba(0, 0, 0, 0)\" class=\"has-inline-color has-secondary-color\">Commentaires de la journ\u00e9e pr\u00e9c\u00e9dente<\/mark> (J1 &#8211; Phase 2)<\/strong><\/h2>\n\n\n\n<p class=\"has-primary-color has-text-color\">YY<\/p>\n\n\n\n<pre class=\"wp-block-preformatted has-small-font-size\">\ud83d\udd35\u26aa\ufe0f Ce week-end se disputait la 1\u00e8re journ\u00e9e du championnat par \u00e9quipe de la 2\u00e8me phase. Celle-ci d\u00e9marre avec un bilan correct de 6 victoires, un nul et 5 d\u00e9faites.<br><br>\u2796\ufe0f R2 (1) - Assun Tennis de Table (1)  07-07<br>Apr\u00e8s une bonne entame (4-2), notre \u00e9quipe a \u00e9t\u00e9 \u00e0 deux doigts de craquer (5-6) ; finalement le nul est assez logique sur la rencontre et permet de ne pas commencer la phase avec une d\u00e9faite.<br><br>\u274c\ufe0f R3 (2) - Us Mortagnaise Tennis Table (1)  12-02<br>Lourde d\u00e9faite pour notre \u00e9quipe r\u00e9serve, qui aura pour ambition d'aller chercher un difficile maintien. Satisfaction cependant pour Antoine Letourneur, auteur d'une belle perf pour son premier match en tant que titulaire \u00e0 ce niveau.<br><br>\u2705\ufe0f D1 (3) - Entente Mortainaise (3)  14-04<br>Victoire logique, mais s\u00e9rieuse de notre \u00e9quipe sup\u00e9rieure en classement o\u00f9 Aristide Roc, le plus jeune, est le seul \u00e0 remporter ses 4 matchs.<br><br>\u2705\ufe0f D1 (4) - RAQUETTES CLUB ST JEAN DES CHAMPS (2)  12-06<br>Victoire importante contre un adversaire renforc\u00e9 par un joueur habituel de R2. Romain Letourneur, lui aussi, redescendu de R\u00e9gionale a donn\u00e9 un bon coup de main en remportant ses 4 matchs, dont une perf \u00e0 14.<br><br>\u274c\ufe0f\u2705\ufe0f D2 (5) - D2 (7)  04-14<br>Logique respect\u00e9e dans ce duel entre 2 \u00e9quipe du club ; la victoire est revenu \u00e0 celle rel\u00e9gu\u00e9e de D1 contre la promue dans cette division. A noter tout de m\u00eame, les 2 belles perfs de Raphael Ruen \u00e0 9 et 10.<br><br>\u274c\ufe0f D2 (6) - Entente-Pongiste Isigny-Montigny (5)  07-11<br>Courte d\u00e9faite dans ce derby avec notamment 5 matchs \u00e0 la belle perdue sur 7. Les 4 victoires de Jackie Dumont n'ont pas suffit \u00e0 tirer au moins un match nul.<br><br>\u2705\ufe0f D2 (8) - Amicale St Poisienne Tennis de Table (2)  16-02<br>Grosse performance de cette \u00e9quipe, qui n'aura pas l\u00e2ch\u00e9 grand chose dans la partie. Cartons pleins pour Ferdinand Roc et Anthony Lasseur, qui lance parfaitement la phase.<br><br>\u2705\ufe0f D3 (9) - Saint Pair Bricqueville TT (10)  10-08<br>Victoire \u00e0 l'arrach\u00e9e dans une rencontre tr\u00e8s ind\u00e9cise (6 matchs \u00e0 la belle). Andr\u00e9 Lefranc, pour son retour, et Antoine Yreux remportent 6 points \u00e0 eux 2.<br><br>\u274c\ufe0f D3 (10) - TT Saint James (8)  05-13<br>Contrer une formation rel\u00e9gu\u00e9e de D2, la marche \u00e9tait trop haute pour nos joueurs. Bravo cependant \u00e0 Joffrey, qui repart avec 3 perfs.<br><br>\u274c\ufe0f D3 (11) - Amicale St Poisienne Tennis de Table (3)  03-15<br>D\u00e9faite s\u00e9v\u00e8re face \u00e0 un adversaire plus fort en classement. L'apprentissage de cette nouvelle division s'est pourtant tr\u00e8s bien effectu\u00e9 pour Jules Legillon, auteur de 3 victoires.<br><br>\u2705\ufe0f D4 (10) - TT Saint James (10)  18-00<br>Les 4 jeunes joueurs ne pouvaient pas mieux d\u00e9marrer leur d\u00e9but en comp\u00e9tition adultes en s'imposant sans laisser de matchs \u00e0 leur adversaires. Bravo !<br><br>\ud83d\udd1cLa deuxi\u00e8me journ\u00e9e se disputera les 7 et 8 Mars prochain. A cette occasion, la R2 recevra le samedi 8 Mars l'AG Caen TT (3), tandis que la R3 accueillera dans le m\u00eame temps l'AS Cormelles (5).<\/pre>\n\n\n\n<figure class=\"wp-block-image size-large is-resized\"><img loading=\"lazy\" decoding=\"async\" width=\"768\" height=\"1024\" src=\"https:\/\/attducey-avranches.fr\/wp-content\/uploads\/2025\/10\/d1-768x1024.jpeg\" alt=\"\" class=\"wp-image-1302\" style=\"aspect-ratio:0.7499999823937054;width:472px;height:auto\" srcset=\"https:\/\/attducey-avranches.fr\/wp-content\/uploads\/2025\/10\/d1-768x1024.jpeg 768w, https:\/\/attducey-avranches.fr\/wp-content\/uploads\/2025\/10\/d1-225x300.jpeg 225w, https:\/\/attducey-avranches.fr\/wp-content\/uploads\/2025\/10\/d1-1152x1536.jpeg 1152w, https:\/\/attducey-avranches.fr\/wp-content\/uploads\/2025\/10\/d1.jpeg 1536w\" sizes=\"auto, (max-width: 768px) 100vw, 768px\" \/><\/figure>\n\n\n\n<p class=\"has-primary-color has-text-color has-link-color wp-elements-1b62ea0aa7390d501728bf6c1fb45183\">Y<\/p>\n","protected":false},"excerpt":{"rendered":"<p>Retrouvez chaque semaine les diff\u00e9rents r\u00e9sultats de nos \u00e9quipes r\u00e9gionales, d\u00e9partementales et jeunes YY R\u00e9sultats et classements YY YY Compositions des \u00e9quipes YY YY Commentaires de la journ\u00e9e pr\u00e9c\u00e9dente (J1 &#8211; Phase 2) YY \ud83d\udd35\u26aa\ufe0f Ce week-end se disputait la 1\u00e8re journ\u00e9e du championnat par \u00e9quipe de la 2\u00e8me phase. Celle-ci d\u00e9marre avec un bilan [&hellip;]<\/p>\n","protected":false},"author":2,"featured_media":0,"parent":239,"menu_order":1,"comment_status":"closed","ping_status":"closed","template":"","meta":{"footnotes":""},"class_list":["post-241","page","type-page","status-publish","hentry"],"jetpack-related-posts":[{"id":356,"url":"https:\/\/attducey-avranches.fr\/index.php\/infos-pratiques\/356-2\/","url_meta":{"origin":241,"position":0},"title":"Merci \u00e0 nos soutiens !","author":"J\u00e9r\u00e9my Gloria","date":"18 juillet 2022","format":false,"excerpt":"MERCI A NOS SOUTIENS ! YY Les partenaires priv\u00e9s Partenaire mat\u00e9riel TT YY Partenaires boissons YY Partenaires consommables lors des manifestations YY Partenaire maillots (championnat par \u00e9quipes adultes et jeunes en comp\u00e9titions) YY Partenaire maillots (championnat par \u00e9quipes adultes) YY Partenaire sonorisation lors des manifestations YY Partenaire maillot jeunes et\u2026","rel":"","context":"Article similaire","block_context":{"text":"Article similaire","link":""},"img":{"alt_text":"","src":"https:\/\/i0.wp.com\/attducey-avranches.fr\/wp-content\/uploads\/2022\/07\/logo-fftt-150x150.png?resize=350%2C200&ssl=1","width":350,"height":200},"classes":[]},{"id":262,"url":"https:\/\/attducey-avranches.fr\/index.php\/competitions\/statistiques-individuelles\/","url_meta":{"origin":241,"position":1},"title":"Statistiques individuelles","author":"J\u00e9r\u00e9my Gloria","date":"15 juillet 2022","format":false,"excerpt":"Retrouvez les performances de tous nos comp\u00e9titeurs en championnats par \u00e9quipes et individuelles YY Nombre de victoires par journ\u00e9e YY statsT\u00e9l\u00e9charger YY Perfs' YY perfsT\u00e9l\u00e9charger YY Pourcentage de victoires YY invinciT\u00e9l\u00e9charger YY Progressions mensuelles \/ annuelles YY progressT\u00e9l\u00e9charger","rel":"","context":"Article similaire","block_context":{"text":"Article similaire","link":""},"img":{"alt_text":"","src":"","width":0,"height":0},"classes":[]},{"id":239,"url":"https:\/\/attducey-avranches.fr\/index.php\/competitions\/","url_meta":{"origin":241,"position":2},"title":"COMPETITIONS","author":"J\u00e9r\u00e9my Gloria","date":"15 juillet 2022","format":false,"excerpt":"STATS INDIVIDUELLES CHAMPIONNAT PAR EQUIPES CHAMPIONNAT INDIVIDUEL YY YY COUPES","rel":"","context":"Article similaire","block_context":{"text":"Article similaire","link":""},"img":{"alt_text":"","src":"","width":0,"height":0},"classes":[]},{"id":342,"url":"https:\/\/attducey-avranches.fr\/index.php\/infos-pratiques\/","url_meta":{"origin":241,"position":3},"title":"INFOS PRATIQUES","author":"J\u00e9r\u00e9my Gloria","date":"18 juillet 2022","format":false,"excerpt":"NOUS CONTACTER YY SECTION LOISIRS YY CALENDRIER 2025-2026 YY LIENS UTILES YY","rel":"","context":"Article similaire","block_context":{"text":"Article similaire","link":""},"img":{"alt_text":"","src":"","width":0,"height":0},"classes":[]},{"id":738,"url":"https:\/\/attducey-avranches.fr\/index.php\/tournois-a-venir\/","url_meta":{"origin":241,"position":4},"title":"Tournois \u00e0 venir","author":"J\u00e9r\u00e9my Gloria","date":"8 septembre 2023","format":false,"excerpt":"yy Liste des prochains tournois : Cormelles le Royal (01 et 02\/11\/2025) : YY US Cherbourg (21\/12\/2025) : YY YY Retrouvez tous les Tournois et l'actualit\u00e9 du ping sur www.tennis2table.com !","rel":"","context":"Article similaire","block_context":{"text":"Article similaire","link":""},"img":{"alt_text":"","src":"https:\/\/i0.wp.com\/attducey-avranches.fr\/wp-content\/uploads\/2025\/10\/565757844_1387837506460639_5804374008237297337_n-150x150.jpg?resize=350%2C200&ssl=1","width":350,"height":200,"srcset":"https:\/\/i0.wp.com\/attducey-avranches.fr\/wp-content\/uploads\/2025\/10\/565757844_1387837506460639_5804374008237297337_n-150x150.jpg?resize=350%2C200&ssl=1 1x, https:\/\/i0.wp.com\/attducey-avranches.fr\/wp-content\/uploads\/2025\/10\/565757844_1387837506460639_5804374008237297337_n-150x150.jpg?resize=525%2C300&ssl=1 1.5x, https:\/\/i0.wp.com\/attducey-avranches.fr\/wp-content\/uploads\/2025\/10\/565757844_1387837506460639_5804374008237297337_n-150x150.jpg?resize=700%2C400&ssl=1 2x, https:\/\/i0.wp.com\/attducey-avranches.fr\/wp-content\/uploads\/2025\/10\/565757844_1387837506460639_5804374008237297337_n-150x150.jpg?resize=1050%2C600&ssl=1 3x"},"classes":[]},{"id":694,"url":"https:\/\/attducey-avranches.fr\/index.php\/boutique-att\/","url_meta":{"origin":241,"position":5},"title":"Boutique ATT","author":"J\u00e9r\u00e9my Gloria","date":"26 juin 2023","format":false,"excerpt":"yy\/ En partenariat avec le magasin Sport & co Avranches et la marque JAKO, le club a cr\u00e9\u00e9 sa propre boutique o\u00f9 chacun peut commander et r\u00e9gler directement en ligne. C'est simple, s\u00e9curis\u00e9 et rapide ! N'h\u00e9sitez pas \u00e0 aller faire un tour sur celle-ci : https:\/\/team.jako.fr\/fr\/team\/avenir_tennis_de_table_ducey_avranches\/ YY","rel":"","context":"Article similaire","block_context":{"text":"Article similaire","link":""},"img":{"alt_text":"","src":"https:\/\/i0.wp.com\/attducey-avranches.fr\/wp-content\/uploads\/2023\/06\/Capture.jpg?resize=350%2C200&ssl=1","width":350,"height":200,"srcset":"https:\/\/i0.wp.com\/attducey-avranches.fr\/wp-content\/uploads\/2023\/06\/Capture.jpg?resize=350%2C200&ssl=1 1x, https:\/\/i0.wp.com\/attducey-avranches.fr\/wp-content\/uploads\/2023\/06\/Capture.jpg?resize=525%2C300&ssl=1 1.5x, https:\/\/i0.wp.com\/attducey-avranches.fr\/wp-content\/uploads\/2023\/06\/Capture.jpg?resize=700%2C400&ssl=1 2x, https:\/\/i0.wp.com\/attducey-avranches.fr\/wp-content\/uploads\/2023\/06\/Capture.jpg?resize=1050%2C600&ssl=1 3x"},"classes":[]}],"jetpack_sharing_enabled":true,"_links":{"self":[{"href":"https:\/\/attducey-avranches.fr\/index.php\/wp-json\/wp\/v2\/pages\/241","targetHints":{"allow":["GET"]}}],"collection":[{"href":"https:\/\/attducey-avranches.fr\/index.php\/wp-json\/wp\/v2\/pages"}],"about":[{"href":"https:\/\/attducey-avranches.fr\/index.php\/wp-json\/wp\/v2\/types\/page"}],"author":[{"embeddable":true,"href":"https:\/\/attducey-avranches.fr\/index.php\/wp-json\/wp\/v2\/users\/2"}],"replies":[{"embeddable":true,"href":"https:\/\/attducey-avranches.fr\/index.php\/wp-json\/wp\/v2\/comments?post=241"}],"version-history":[{"count":76,"href":"https:\/\/attducey-avranches.fr\/index.php\/wp-json\/wp\/v2\/pages\/241\/revisions"}],"predecessor-version":[{"id":1426,"href":"https:\/\/attducey-avranches.fr\/index.php\/wp-json\/wp\/v2\/pages\/241\/revisions\/1426"}],"up":[{"embeddable":true,"href":"https:\/\/attducey-avranches.fr\/index.php\/wp-json\/wp\/v2\/pages\/239"}],"wp:attachment":[{"href":"https:\/\/attducey-avranches.fr\/index.php\/wp-json\/wp\/v2\/media?parent=241"}],"curies":[{"name":"wp","href":"https:\/\/api.w.org\/{rel}","templated":true}]}}