{"id":1357,"date":"2025-11-25T12:27:50","date_gmt":"2025-11-25T11:27:50","guid":{"rendered":"https:\/\/attducey-avranches.fr\/?page_id=1357"},"modified":"2026-04-03T16:48:11","modified_gmt":"2026-04-03T14:48:11","slug":"coupe-att-2025-2026","status":"publish","type":"page","link":"https:\/\/attducey-avranches.fr\/index.php\/coupe-att-2025-2026\/","title":{"rendered":"Coupe ATT 2025-2026"},"content":{"rendered":"\n<p>La <strong>Coupe ATT<\/strong> est une nouvelle comp\u00e9tition interne organis\u00e9e par l\u2019<strong>ATT Ducey Avranches<\/strong>.<\/p>\n\n\n\n<p><br>Elle a pour but de rassembler les joueurs du club autour d\u2019un esprit de <strong>convivialit\u00e9, de partage et de sportivit\u00e9<\/strong>, tout en proposant des rencontres \u00e9quilibr\u00e9es et disput\u00e9es.<\/p>\n\n\n\n<p>-&gt; <a href=\"https:\/\/attducey-avranches.fr\/wp-content\/uploads\/2025\/11\/\ud83c\udfd3-Reglement-de-la-Coupe-ATT-21-11-25.pdf\" data-type=\"link\" data-id=\"https:\/\/attducey-avranches.fr\/wp-content\/uploads\/2025\/11\/\ud83c\udfd3-Reglement-de-la-Coupe-ATT-21-11-25.pdf\">R\u00e8glement<\/a><\/p>\n\n\n\n<p>-> <a href=\"https:\/\/attducey-avranches.fr\/wp-content\/uploads\/2026\/04\/Poules-et-resultats.pdf\" data-type=\"link\" data-id=\"https:\/\/attducey-avranches.fr\/wp-content\/uploads\/2025\/11\/Poules-et-resultats.pdf\" target=\"_blank\" rel=\"noreferrer noopener\">Poules et r\u00e9sultats<\/a><\/p>\n\n\n\n<p>-&gt; <a href=\"https:\/\/attducey-avranches.fr\/wp-content\/uploads\/2025\/11\/Tableaux-finals.pdf\" data-type=\"link\" data-id=\"https:\/\/attducey-avranches.fr\/wp-content\/uploads\/2025\/11\/Tableaux-finals.pdf\">Tableau final<\/a><\/p>\n\n\n\n<p><\/p>\n","protected":false},"excerpt":{"rendered":"<p>La Coupe ATT est une nouvelle comp\u00e9tition interne organis\u00e9e par l\u2019ATT Ducey Avranches. Elle a pour but de rassembler les joueurs du club autour d\u2019un esprit de convivialit\u00e9, de partage et de sportivit\u00e9, tout en proposant des rencontres \u00e9quilibr\u00e9es et disput\u00e9es. -&gt; R\u00e8glement -> Poules et r\u00e9sultats -&gt; Tableau final<\/p>\n","protected":false},"author":2,"featured_media":0,"parent":0,"menu_order":0,"comment_status":"closed","ping_status":"closed","template":"","meta":{"footnotes":""},"class_list":["post-1357","page","type-page","status-publish","hentry"],"jetpack-related-posts":[{"id":694,"url":"https:\/\/attducey-avranches.fr\/index.php\/boutique-att\/","url_meta":{"origin":1357,"position":0},"title":"Boutique ATT","author":"J\u00e9r\u00e9my Gloria","date":"26 juin 2023","format":false,"excerpt":"yy\/ En partenariat avec le magasin Sport & co Avranches et la marque JAKO, le club a cr\u00e9\u00e9 sa propre boutique o\u00f9 chacun peut commander et r\u00e9gler directement en ligne. C'est simple, s\u00e9curis\u00e9 et rapide ! N'h\u00e9sitez pas \u00e0 aller faire un tour sur celle-ci : https:\/\/team.jako.fr\/fr\/team\/avenir_tennis_de_table_ducey_avranches\/ YY","rel":"","context":"Article similaire","block_context":{"text":"Article similaire","link":""},"img":{"alt_text":"","src":"https:\/\/i0.wp.com\/attducey-avranches.fr\/wp-content\/uploads\/2023\/06\/Capture.jpg?resize=350%2C200&ssl=1","width":350,"height":200,"srcset":"https:\/\/i0.wp.com\/attducey-avranches.fr\/wp-content\/uploads\/2023\/06\/Capture.jpg?resize=350%2C200&ssl=1 1x, https:\/\/i0.wp.com\/attducey-avranches.fr\/wp-content\/uploads\/2023\/06\/Capture.jpg?resize=525%2C300&ssl=1 1.5x, https:\/\/i0.wp.com\/attducey-avranches.fr\/wp-content\/uploads\/2023\/06\/Capture.jpg?resize=700%2C400&ssl=1 2x, https:\/\/i0.wp.com\/attducey-avranches.fr\/wp-content\/uploads\/2023\/06\/Capture.jpg?resize=1050%2C600&ssl=1 3x"},"classes":[]},{"id":375,"url":"https:\/\/attducey-avranches.fr\/index.php\/organisations\/challenge-att-2021-2022\/","url_meta":{"origin":1357,"position":1},"title":"Challenge ATT 2023-2024","author":"J\u00e9r\u00e9my Gloria","date":"18 juillet 2022","format":false,"excerpt":"L'objectif est de cr\u00e9er une comp\u00e9tition interne sur toute la dur\u00e9e de la saison en faisant participer tous les joueurs du club avec un handicap de points selon le classement de chacun. Les r\u00e9sultats R\u00e8glement \u2013 Tableau des \u00e9carts - Tableau global Matchs disput\u00e9s \u2013 Classement Rencontres \u00e2prement disput\u00e9es entre\u2026","rel":"","context":"Article similaire","block_context":{"text":"Article similaire","link":""},"img":{"alt_text":"","src":"https:\/\/i0.wp.com\/attducey-avranches.fr\/wp-content\/uploads\/2023\/11\/20230912_195800.jpg?resize=350%2C200&ssl=1","width":350,"height":200,"srcset":"https:\/\/i0.wp.com\/attducey-avranches.fr\/wp-content\/uploads\/2023\/11\/20230912_195800.jpg?resize=350%2C200&ssl=1 1x, https:\/\/i0.wp.com\/attducey-avranches.fr\/wp-content\/uploads\/2023\/11\/20230912_195800.jpg?resize=525%2C300&ssl=1 1.5x, https:\/\/i0.wp.com\/attducey-avranches.fr\/wp-content\/uploads\/2023\/11\/20230912_195800.jpg?resize=700%2C400&ssl=1 2x, https:\/\/i0.wp.com\/attducey-avranches.fr\/wp-content\/uploads\/2023\/11\/20230912_195800.jpg?resize=1050%2C600&ssl=1 3x, https:\/\/i0.wp.com\/attducey-avranches.fr\/wp-content\/uploads\/2023\/11\/20230912_195800.jpg?resize=1400%2C800&ssl=1 4x"},"classes":[]},{"id":223,"url":"https:\/\/attducey-avranches.fr\/index.php\/le-club\/historique\/","url_meta":{"origin":1357,"position":2},"title":"Historique","author":"J\u00e9r\u00e9my Gloria","date":"13 juillet 2022","format":false,"excerpt":"Pr\u00e9sentation\u00a0: Le club de Tennis de Table Ducey\/Avranches a \u00e9t\u00e9 cr\u00e9\u00e9 en Mai 2018 suite \u00e0 la fusion des clubs de l\u2019ATT Ducey et de l\u2019Entente St Senier\/Avranches. Il comprend aujourd\u2019hui environ 170 licenci\u00e9s, soit le 2e total le plus \u00e9lev\u00e9 parmi les 51 clubs de la Manche. 17 personnes\u2026","rel":"","context":"Article similaire","block_context":{"text":"Article similaire","link":""},"img":{"alt_text":"","src":"https:\/\/i0.wp.com\/attducey-avranches.fr\/wp-content\/uploads\/2023\/12\/D3S.jpg?resize=350%2C200&ssl=1","width":350,"height":200,"srcset":"https:\/\/i0.wp.com\/attducey-avranches.fr\/wp-content\/uploads\/2023\/12\/D3S.jpg?resize=350%2C200&ssl=1 1x, https:\/\/i0.wp.com\/attducey-avranches.fr\/wp-content\/uploads\/2023\/12\/D3S.jpg?resize=525%2C300&ssl=1 1.5x, https:\/\/i0.wp.com\/attducey-avranches.fr\/wp-content\/uploads\/2023\/12\/D3S.jpg?resize=700%2C400&ssl=1 2x, https:\/\/i0.wp.com\/attducey-avranches.fr\/wp-content\/uploads\/2023\/12\/D3S.jpg?resize=1050%2C600&ssl=1 3x, https:\/\/i0.wp.com\/attducey-avranches.fr\/wp-content\/uploads\/2023\/12\/D3S.jpg?resize=1400%2C800&ssl=1 4x"},"classes":[]},{"id":274,"url":"https:\/\/attducey-avranches.fr\/index.php\/competitions\/resultats-criterium-federal-et-circuit-jeunes\/","url_meta":{"origin":1357,"position":3},"title":"Crit\u00e9rium F\u00e9d\u00e9ral \/ Circuit jeunes","author":"J\u00e9r\u00e9my Gloria","date":"15 juillet 2022","format":false,"excerpt":"Crit\u00e9rium F\u00e9d\u00e9ral R\u00e9sultats du 2\u00e8me tour du Crit\u00e9rium F\u00e9d\u00e9ral disput\u00e9s ce week-end par les 30 joueurs de l'ATT engag\u00e9s ! R\u00e9gionale Minimes au Havre (76) Aristide ROC : 5\u00e8me Rapha\u00ebl RUEN : 11\u00e8me Une seule d\u00e9faite en 1\/4 pour Aristide contre N. Daleau, sa b\u00eate noire. Belle journ\u00e9e pour Rapha\u00ebl\u2026","rel":"","context":"Article similaire","block_context":{"text":"Article similaire","link":""},"img":{"alt_text":"","src":"https:\/\/i0.wp.com\/attducey-avranches.fr\/wp-content\/uploads\/2025\/11\/589412539_4146203838979670_8783073855463419709_n.jpg?resize=350%2C200&ssl=1","width":350,"height":200,"srcset":"https:\/\/i0.wp.com\/attducey-avranches.fr\/wp-content\/uploads\/2025\/11\/589412539_4146203838979670_8783073855463419709_n.jpg?resize=350%2C200&ssl=1 1x, https:\/\/i0.wp.com\/attducey-avranches.fr\/wp-content\/uploads\/2025\/11\/589412539_4146203838979670_8783073855463419709_n.jpg?resize=525%2C300&ssl=1 1.5x, https:\/\/i0.wp.com\/attducey-avranches.fr\/wp-content\/uploads\/2025\/11\/589412539_4146203838979670_8783073855463419709_n.jpg?resize=700%2C400&ssl=1 2x, https:\/\/i0.wp.com\/attducey-avranches.fr\/wp-content\/uploads\/2025\/11\/589412539_4146203838979670_8783073855463419709_n.jpg?resize=1050%2C600&ssl=1 3x, https:\/\/i0.wp.com\/attducey-avranches.fr\/wp-content\/uploads\/2025\/11\/589412539_4146203838979670_8783073855463419709_n.jpg?resize=1400%2C800&ssl=1 4x"},"classes":[]},{"id":324,"url":"https:\/\/attducey-avranches.fr\/index.php\/competitions\/coupes\/","url_meta":{"origin":1357,"position":4},"title":"Coupe de la Manche 2024-2025","author":"J\u00e9r\u00e9my Gloria","date":"15 juillet 2022","format":false,"excerpt":"3 \u00e9quipes du club \u00e9taient engag\u00e9es cette saison en Coupe de la Manche L'\u00e9quipe 1 \u00e9tait compos\u00e9e de J\u00e9r\u00e9my GLORIA et Joris ANNE. Apr\u00e8s un parcours quasi sans-faute, les 2 joueurs se sont inclin\u00e9es en demi-finales contre JS Carantilly (2-3) ; ils repartent donc avec une belle m\u00e9daille de bronze\u2026","rel":"","context":"Article similaire","block_context":{"text":"Article similaire","link":""},"img":{"alt_text":"","src":"","width":0,"height":0},"classes":[]},{"id":239,"url":"https:\/\/attducey-avranches.fr\/index.php\/competitions\/","url_meta":{"origin":1357,"position":5},"title":"COMPETITIONS","author":"J\u00e9r\u00e9my Gloria","date":"15 juillet 2022","format":false,"excerpt":"STATS INDIVIDUELLES CHAMPIONNAT PAR EQUIPES CHAMPIONNAT INDIVIDUEL YY YY COUPES","rel":"","context":"Article similaire","block_context":{"text":"Article similaire","link":""},"img":{"alt_text":"","src":"","width":0,"height":0},"classes":[]}],"jetpack_sharing_enabled":true,"_links":{"self":[{"href":"https:\/\/attducey-avranches.fr\/index.php\/wp-json\/wp\/v2\/pages\/1357","targetHints":{"allow":["GET"]}}],"collection":[{"href":"https:\/\/attducey-avranches.fr\/index.php\/wp-json\/wp\/v2\/pages"}],"about":[{"href":"https:\/\/attducey-avranches.fr\/index.php\/wp-json\/wp\/v2\/types\/page"}],"author":[{"embeddable":true,"href":"https:\/\/attducey-avranches.fr\/index.php\/wp-json\/wp\/v2\/users\/2"}],"replies":[{"embeddable":true,"href":"https:\/\/attducey-avranches.fr\/index.php\/wp-json\/wp\/v2\/comments?post=1357"}],"version-history":[{"count":9,"href":"https:\/\/attducey-avranches.fr\/index.php\/wp-json\/wp\/v2\/pages\/1357\/revisions"}],"predecessor-version":[{"id":1456,"href":"https:\/\/attducey-avranches.fr\/index.php\/wp-json\/wp\/v2\/pages\/1357\/revisions\/1456"}],"wp:attachment":[{"href":"https:\/\/attducey-avranches.fr\/index.php\/wp-json\/wp\/v2\/media?parent=1357"}],"curies":[{"name":"wp","href":"https:\/\/api.w.org\/{rel}","templated":true}]}}

<p>La <strong>Coupe ATT</strong> est une nouvelle compétition interne organisée par l’<strong>ATT Ducey Avranches</strong>.</p>



<p><br>Elle a pour but de rassembler les joueurs du club autour d’un esprit de <strong>convivialité, de partage et de sportivité</strong>, tout en proposant des rencontres équilibrées et disputées.</p>



<p>-&gt; <a href="https://attducey-avranches.fr/wp-content/uploads/2025/11/🏓-Reglement-de-la-Coupe-ATT-21-11-25.pdf" data-type="link" data-id="https://attducey-avranches.fr/wp-content/uploads/2025/11/🏓-Reglement-de-la-Coupe-ATT-21-11-25.pdf">Règlement</a></p>



<p>-> <a href="https://attducey-avranches.fr/wp-content/uploads/2026/04/Poules-et-resultats.pdf" data-type="link" data-id="https://attducey-avranches.fr/wp-content/uploads/2025/11/Poules-et-resultats.pdf" target="_blank" rel="noreferrer noopener">Poules et résultats</a></p>



<p>-&gt; <a href="https://attducey-avranches.fr/wp-content/uploads/2025/11/Tableaux-finals.pdf" data-type="link" data-id="https://attducey-avranches.fr/wp-content/uploads/2025/11/Tableaux-finals.pdf">Tableau final</a></p>



<p></p>

<p>La Coupe ATT est une nouvelle compétition interne organisée par l’ATT Ducey Avranches. Elle a pour but de rassembler les joueurs du club autour d’un esprit de convivialité, de partage et de sportivité, tout en proposant des rencontres équilibrées et disputées. -&gt; Règlement -> Poules et résultats -&gt; Tableau final</p>

Jérémy Gloria

yy/ En partenariat avec le magasin Sport & co Avranches et la marque JAKO, le club a créé sa propre boutique où chacun peut commander et régler directement en ligne. C'est simple, sécurisé et rapide ! N'hésitez pas à aller faire un tour sur celle-ci : https://team.jako.fr/fr/team/avenir_tennis_de_table_ducey_avranches/ YY

L'objectif est de créer une compétition interne sur toute la durée de la saison en faisant participer tous les joueurs du club avec un handicap de points selon le classement de chacun. Les résultats Règlement – Tableau des écarts - Tableau global Matchs disputés – Classement Rencontres âprement disputées entre…

Présentation : Le club de Tennis de Table Ducey/Avranches a été créé en Mai 2018 suite à la fusion des clubs de l’ATT Ducey et de l’Entente St Senier/Avranches. Il comprend aujourd’hui environ 170 licenciés, soit le 2e total le plus élevé parmi les 51 clubs de la Manche. 17 personnes…

Critérium Fédéral / Circuit jeunes

Critérium Fédéral Résultats du 2ème tour du Critérium Fédéral disputés ce week-end par les 30 joueurs de l'ATT engagés ! Régionale Minimes au Havre (76) Aristide ROC : 5ème Raphaël RUEN : 11ème Une seule défaite en 1/4 pour Aristide contre N. Daleau, sa bête noire. Belle journée pour Raphaël…

3 équipes du club étaient engagées cette saison en Coupe de la Manche L'équipe 1 était composée de Jérémy GLORIA et Joris ANNE. Après un parcours quasi sans-faute, les 2 joueurs se sont inclinées en demi-finales contre JS Carantilly (2-3) ; ils repartent donc avec une belle médaille de bronze…
